l(z) = z**3 + z**2 + z - 16. Calculate l(0).
-16
Let d(z) = 4*z - 3. Determine d(-3).
-15
Let h(z) = 3*z**3 - 2*z**2 - 2*z + 3. What is h(2)?
15
Let z(n) = 4*n - 4. Give z(3).
8
Let g(j) = 7*j**2 + 163*j + 48. Determine g(-23).
2
Let k(o) = -o**2 + 19*o - 27. What is k(17)?
7
Let s(p) = -p**3 - 11*p**2 + 2*p + 5. Calculate s(-11).
-17
Let h(u) = -u**2 - 29*u - 47. What is h(-29)?
-47
Let c(r) = -r + 17. Determine c(9).
8
Let d(c) = -c**3 + 10*c**2 - 7*c - 19. What is d(9)?
-1
Let a(j) = 11*j - 69. Determine a(5).
-14
Let z(q) = -q**2 - q - 22. What is z(0)?
-22
Let j(d) = -4*d + 34. Calculate j(9).
-2
Let i(c) = c**2 + 30*c - 166. Determine i(5).
9
Let b(l) = l**2 + 2*l - 22. What is b(5)?
13
Let g(l) = l**2 - 13*l + 21. What is g(9)?
-15
Let h(n) = -3*n**3 - 4*n**2 - n. What is h(-1)?
0
Let v(c) = c**3 + 16*c**2 + 14*c - 11. What is v(-15)?
4
Let q(n) = 9*n - 23. Give q(5).
22
Let r(m) = m - 1. Give r(3).
2
Let t(l) = -7*l - 13. Give t(-3).
8
Let n(h) = -h**3 + 3*h**2 + 6*h + 3. Determine n(5).
-17
Let n(f) = 6*f - 87. Give n(16).
9
Let q(v) = -v**2 + 10*v + 72. Determine q(-5).
-3
Let y(b) = -b**2 + 12*b + 40. Determine y(11).
51
Let u(o) = 5*o + 9. Give u(-10).
-41
Let h(w) = 4*w + 9. Determine h(-1).
5
Let c(l) = 4*l - 3. What is c(3)?
9
Let a(c) = c**3 + 9*c**2 - 10*c - 9. Calculate a(-10).
-9
Let g(f) = -12*f + 4. Give g(12).
-140
Let c(y) = -8*y + 239. Calculate c(28).
15
Let n(c) = -c**3 - 7*c**2 - 13*c + 1. Give n(-6).
43
Let v(j) = -j**2 + 4*j + 8. Determine v(6).
-4
Let l(r) = -26*r + 678. Determine l(26).
2
Let s(o) = -13*o + 340. Give s(27).
-11
Let f(o) = 12*o - 41. What is f(3)?
-5
Let n(i) = i**2 - i - 69. Determine n(9).
3
Let u(t) = 5*t - 6. Determine u(-2).
-16
Let b(l) = -l**3 - 14*l**2 - l + 12. Give b(-13).
-144
Let b(k) = k**3 + 7*k**2 - 25. Give b(-3).
11
Let r(c) = 4*c + 12. Determine r(-9).
-24
Let a(n) = -n**2 - 7*n - 29. Calculate a(-6).
-23
Let k(r) = 5*r. Give k(1).
5
Let j(x) = -x**3 - 2*x**2 - 21*x - 43. Calculate j(-2).
-1
Let r(k) = -k**2 + k + 2. Calculate r(2).
0
Let p(q) = q**3 + 7*q**2 + 8*q + 9. What is p(-6)?
-3
Let i(o) = -o**3 - o**2 + 11*o + 9. What is i(-3)?
-6
Let l(z) = -z - 21. What is l(-8)?
-13
Let z(n) = 10*n - 35. What is z(4)?
5
Let w(i) = -i**3 - 2*i**2 + 4*i + 3. Give w(-4).
19
Let t(l) = l**2 + l - 2. What is t(3)?
10
Let j(h) = h + 16. Give j(-7).
9
Let y(l) = -13*l + 67. What is y(5)?
2
Let n(v) = -v**3 - 4*v**2 + 11*v - 1. Give n(-6).
5
Let r(u) = u**3 - 7*u**2 + 3*u + 1. What is r(5)?
-34
Let g(f) = f**2 - 24*f - 223. What is g(31)?
-6
Let g(l) = -12*l - 83. What is g(-10)?
37
Let d(z) = -z**3 + 6*z**2 + 2*z - 7. Calculate d(7).
-42
Let n(c) = -13*c - 829. Calculate n(-64).
3
Let y(w) = 11*w + 56. Give y(-6).
-10
Let f(i) = i**2 + 8*i. Give f(-7).
-7
Let z(n) = -7*n + 51. What is z(12)?
-33
Let w(x) = 3*x + 10. Calculate w(-6).
-8
Let u(z) = -z**2 + 21*z - 74. Determine u(16).
6
Let i(w) = -5*w + 56. Calculate i(18).
-34
Let r(b) = -10*b**2 + 35*b - 4. Give r(4).
-24
Let f(g) = 11*g**2 + 2*g - 1. Calculate f(1).
12
Let b(g) = -g**3 + 2*g**2 + 6*g - 1. Determine b(3).
8
Let f(j) = 5*j + 1. Determine f(3).
16
Let p(t) = t**2 + 3*t - 14. Give p(3).
4
Let v(c) = 23*c - 45. Determine v(-7).
-206
Let w(i) = -14*i - 66. Calculate w(5).
-136
Let b(k) = -4*k + 41. Calculate b(8).
9
Let y(p) = p**3 - 7*p**2 - 6*p - 18. Calculate y(8).
-2
Let b(c) = -21*c + 1. What is b(1)?
-20
Let c(r) = r**3 + 13*r**2 - 3*r - 45. Calculate c(-13).
-6
Let j(m) = 4*m - 11. Determine j(2).
-3
Let q(d) = d + 16. Determine q(-7).
9
Let x(h) = h**2 + 22*h - 76. Determine x(3).
-1
Let v(y) = -37*y + 67. Determine v(2).
-7
Let x(j) = -j**3 + 10*j**2 - 10*j - 4. Determine x(9).
-13
Let r(d) = 24*d**3 + 1. What is r(-1)?
-23
Let u(l) = -14*l - 10. Calculate u(-4).
46
Let c(k) = -k**3 - 7*k**2 + 2*k - 1. Give c(-7).
-15
Let p(d) = 8*d + 57. Calculate p(-9).
-15
Let t(u) = 5*u - 20. What is t(10)?
30
Let l(s) = -2*s + 18. Calculate l(-6).
30
Let g(d) = 6*d**2 + 9*d + 13. Give g(-2).
19
Let d(n) = n**2 + 11*n + 11. Give d(-10).
1
Let q(u) = 8*u + 12. What is q(-5)?
-28
Let w(s) = -2*s**2 - 4*s + 34. Determine w(4).
-14
Let m(w) = -w**3 + 5*w - 6. Calculate m(3).
-18
Let u(a) = -16*a - 532. Give u(-34).
12
Let r(n) = n. Give r(-7).
-7
Let u(d) = -6*d - 11. Calculate u(5).
-41
Let d(n) = -n**2 - 6*n - 1. Give d(-5).
4
Let s(p) = p**2 - 31*p + 152. Give s(23).
-32
Let g(d) = -44*d**3 - 3*d**2 + 4*d - 1. Give g(1).
-44
Let p(u) = -26*u - 1. Give p(1).
-27
Let u(c) = -c**3 + 4*c**2 - 3*c - 1. Calculate u(4).
-13
Let m(w) = 99*w + 885. Determine m(-9).
-6
Let o(f) = -f**3 + 3*f**2 - 4*f + 4. Determine o(2).
0
Let d(u) = -3*u**2 - 22*u + 13. Determine d(-8).
-3
Let w(v) = -2*v + 58. Give w(-13).
84
Let h(s) = -s**3 + 9*s**2 - s + 6. What is h(9)?
-3
Let p(o) = o**3 + 11*o**2 + 24*o - 40. Give p(-7).
-12
Let l(h) = 16*h**3 + h**2 - h - 1. Calculate l(-1).
-15
Let l(q) = -4*q**2 + 38*q + 15. What is l(8)?
63
Let z(p) = p**2 - 2*p + 1. Give z(3).
4
Let g(h) = 2*h - 21. Give g(8).
-5
Let n(g) = 7*g**3 + g**2 - 2*g - 2. Calculate n(-1).
-6
Let d(a) = 65*a + 143. Give d(-2).
13
Let m(b) = b**2 + 23*b + 118. Calculate m(-7).
6
Let g(w) = w**3 - 3*w**2 + w - 1. What is g(4)?
19
Let i(z) = z + 10. What is i(-5)?
5
Let v(p) = p**3 - 14*p**2 - 15*p - 3. What is v(15)?
-3
Let f(t) = -t**2 + 4*t + 29. Calculate f(8).
-3
Let c(t) = -t - 9. Give c(0).
-9
Let y(a) = -a**3 + 7*a**2 - 2*a + 1. Give y(8).
-79
Let w(a) = -a**2 + 2*a - 6. What is w(6)?
-30
Let l(s) = 8*s**3 + s. Determine l(-1).
-9
Let z(r) = 2*r**2 + 19*r + 22. Determine z(-12).
82
Let r(u) = -81*u + 571. What is r(7)?
4
Let n(z) = z**3 - 20*z**2 - 2*z - 14. Determine n(20).
-54
Let a(l) = -l**3 + 16*l**2 - 2*l - 8. Calculate a(16).
-40
Let p(i) = i**3 - 5*i**2 - 7. What is p(4)?
-23
Let k(p) = -9*p - 83. What is k(-6)?
-29
Let q(h) = -h**3 - 4*h**2 + h + 9. Determine q(-4).
5
Let g(y) = -y**3 - 40*y**2 - 40*y - 63. Give g(-39).
-24
Let h(l) = l**2 - 11*l - 24. Determine h(10).
-34
Let r(q) = q**3 - 21*q**2 + 19*q - 16. Calculate r(20).
-36
Let x(a) = -a**3 + 10*a**2 + 4*a - 12. Determine x(11).
-89
Let g(z) = z + 11. Calculate g(6).
17
Let i(g) = 6*g + 54. Determine i(-12).
-18
Let x(l) = l**2 + 24*l + 10. Determine x(-10).
-130
Let j(f) = -3*f**2 - 3*f + 4. What is j(3)?
-32
Let r(l) = -l + 7. Give r(-9).
16
Let c(g) = 6*g - 1. Calculate c(0).
-1
Let w(l) = l**2 - 6*l - 52. Give w(10).
-12
Let d(l) = 10*l**3 - 2*l**2 + 4*l - 3. Determine d(2).
77
Let y(f) = 4*f**2 - 4*f - 3. What is y(3)?
21
Let t(h) = -h**3 - 18*h**2 - 11*h + 16. Calculate t(-17).
-86
Let m(b) = 3*b + 9. Give m(-6).
-9
Let b(u) = u**3 - 2*u**2 - 12*u - 11. Give b(-1).
-2
Let a(q) = -116*q. Calculate a(0).
0
Let c(p) = 22*p + 308. Calculate c(-14).
0
Let a(m) = m**3 + 6*m**2 + 4*m + 3. Give a(-4).
19
Let s(k) = k**3 + 7*k**2 + 3. Determine s(-7).
3
Let t(l) = -l**2 - 24*l - 10. Give t(-22).
34
Let k(j) = 10*j - 9. Calculate k(3).
21
Let w(k) = 7*k**3 + 9*k**2 - 3*k - 5. Calculate w(1).
8
Let n(o) = 2*o**3 - 4*o**2 - 3*o + 3. Calculate n(2).
-3
Let p(s) = -25*s + 83. Calculate p(7).
-92
Let w(l) = -l**3 + 4*l**2 + 4*l + 9. Determine w(5).
4
Let w(m) = 8*m**2 - 5*m - 5. Give w(-1).
8
Let n(y) = y**2 - 5*y. Give n(5).
0
Let l(h) = -h**2 - 6*h - 3. Give l(-5).
2
Let j(y) = -y + 15. Give j(-24).
39
Let w(d) = -d**3 - d**2 + 8*d - 6. Give w(4).
-54
Let r(t) = -t**3 + 5*t**2 + t. What is r(5)?
5
Let n(m) = m**3 + m**2 - m - 45. What is n(0)?
-45
Let j(x) = x**2 + 23*x + 4. Determine j(-22).
-18
Let v(q) = 15*q + 56. Determine v(-4).
-4
Let g(l) = -l**3 + 10*l**2 - 13*l - 3. What is g(7)?
53
Let k(m) = -m**3 - 7*m**2 - 2*m + 2. Calculate k(-5).
-38
Let b(f) = -f**2 + 11*f - 5. Calculate b(10).
5
Let z(h) = h**3 - 17*h**2 - 17*h - 23. Calculate z(18).
-5
Let g(r) = -2*r**2 + 32*r + 21. What is g(16)?
21
Let a(g) = -13*g + 468. What is a(35)?
13
Let u(n) = n**2 + 5*n - 7. Determine u(-5).
-7
Let v(q) = q**3 - 3*q**2 - 6*q + 37. Calculate v(5).
57
Let f(w) = w**3 - 11*w**2 + 4*w - 53. Give f(11).
-9
Let m(j) = j**3 - 5*j**2 - 5*j + 3. Determine m(6).
9
Let x(v) = 19*v - 47. Give x(3).
10
Let h(r) = r**2 + 21*r + 88. Calculate h(-7).
-10
Let a(c) = -128*c - 127. Calculate a(-1).
1
Let s(n) = -43*n + 64. Give s(5).
-151
Le